?
False
Suppose 0 = c - 4*l + 43, 2*c - c + 31 = l. Let q = c - 12. Let o = q + 92. Is o composite?
False
Is (6/(-8))/((-2)/1256) + 2 prime?
False
Let q be -4 - -3 - 1*3. Let p be (q - -6)/((-4)/(-6)). Suppose 4*g + 25 = p*w, -2*w + 11 = -g + 4*g. Is w a prime number?
True
Let t = 820 - 2239. Is (-2)/(-8) + t/(-4) prime?
False
Suppose -2*q + 2*c + 3*c + 9 = 0, 0 = 2*q + 5*c - 19. Let s(l) be the third derivative of l**5/20 - l**4/3 - l**3/3 - l**2. Is s(q) composite?
False
Let n be 1*-5*5/(-5). Suppose -n*q = -4*q - 46. Is q a prime number?
False
Suppose -n + 3*n + 8 = 4*s, 4*n - s = 19. Let h be 52/n*(-18)/4. Let t = -8 - h. Is t prime?
True
Let c = -1100 + 14409. Is c prime?
True
Let c be ((-5)/4)/((-2)/(-8)). Is ((-12)/10)/(2/c) a prime number?
True
Suppose -4*h + t = -2070, -3*t - 6 = -0*t. Is h a composite number?
True
Let w = -2861 - -5182. Is w composite?
True
Let w(x) = -8*x**2 + 17*x - 3. Let a(o) = -7*o**2 + 16*o - 3. Let d be 2/6 - (-20)/3. Let r(t) = d*a(t) - 6*w(t). Is r(6) composite?
True
Let m(b) = 23*b + 6. Let j(t) = 8*t + 0*t + 3*t + 3. Let l(f) = -13*j(f) + 6*m(f). Is l(-2) a composite number?
False
Suppose 0 = -4*o, 0 = -j + 3*o - 5 + 67. Let r = -37 + j. Is r a composite number?
True
Suppose -3*g + 13 = 4*q - 2*q, -g - q + 6 = 0. Suppose -g + 24 = z. Is z composite?
False
Let c be (1/(-3))/((-2)/(-6)). Let v = 0 + c. Is (v + 15)/((-1)/(-1)) a composite number?
True
Let z(g) = -g**3 + 15*g**2 - 9*g - 4. Let u be z(14). Suppose u + 81 = 3*h. Is h a composite number?
True
Let t = -1 + 4. Suppose 215 = t*c - 22. Is c composite?
False
Suppose 3*m + 199 = -s, 2*m - 3*s + 56 = -62. Let d be 2/5 + 984/(-10). Let g = m - d. Is g prime?
False
Let r = 7 + -4. Suppose -k + 224 = 3*k. Is r/2*k/6 prime?
False
Let r(k) = k**2 + k + 1. Let y be r(-2). Is 1*y + (-848)/(-8) a prime number?
True
Let n be (-5)/10*(198 + 0)/3. Suppose q - 19 = 2*q. Let t = q - n. Is t a prime number?
False
Suppose -5*u + 767 = -1328. Is u prime?
True
Let w = 0 - -4. Suppose w*z = 3*z + 89. Is z prime?
True
Let g(y) = -y**2 - 8*y - 8. Let l be g(-6). Let w = -4 + l. Is (w + 1)/((-2)/(-74)) a prime number?
True
Let t(d) = -2*d**2 - 8*d + 6. Let y be t(6). Let p = y + 229. Is p a composite number?
True
Let w = 8 - 5. Suppose -2*f + 4*u + 176 = 2*f, 83 = 2*f + w*u. Suppose 5*r = -z + 27 + f, -2*z + 161 = 3*r. Is z a composite number?
True
Let s(h) = -h**3 - 4*h**2 + 14. Is s(-9) prime?
True
Is (2 - -2653) + -2*2/(-2) a prime number?
True
Let z = 247 + 1162. Is z a composite number?
False
Suppose -4*m - 27 = -7*m. Let l = m + -5. Suppose 5*o + l*v - 193 = 0, 0*o - 3*o + 103 = -4*v. Is o prime?
True
Let w(s) = s**2 - 6*s - 15. Let d be w(7). Is 4*(-1)/d*148 composite?
True
Suppose 0 = -4*v + 2*v + 416. Suppose 114 + v = 2*f. Is f prime?
False
Let l(w) = -2640*w - 27. Let f(y) = -y**2 + 7*y - 4. Let m be f(6). Let t(h) = 203*h + 2. Let z(j) = m*l(j) + 27*t(j). Is z(1) composite?
True
Let b(g) = g**3 + 24*g**2 + 29*g - 16. Is b(-22) composite?
True
Let c(g) = g**3 - 5*g**2 + g - 1. Let p be c(5). Suppose -p*b + 3*h = 5 - 96, b = -3*h + 4. Is b a prime number?
True
Suppose -7*x + 2*x - i = 5, 3*i = -5*x + 5. Is x*15/12*-10 a prime number?
False
Suppose -186 = -5*w - l, 2*l = 2*w + l - 73. Is w a composite number?
False
Suppose 262 = -x + 3*x. Is x composite?
False
Is -52*1/(-4)*2 a composite number?
True
Is -2*(2 + 351/(-6)) a prime number?
True
Suppose -5*y - 3*n - n + 35 = 0, 4*n = 3*y + 11. Suppose 0*d - 201 = -y*d. Is d composite?
False
Let i = 218 + -109. Is i a composite number?
False
Suppose 2*s = 5*t - 62 + 255, -2*s + 163 = 5*t. Is s a prime number?
True
Let s(q) = q + 1. Suppose 0*f - 4*f = -4. Let c be s(f). Suppose 13 = -r + c*r. Is r a prime number?
True
Suppose 0 = -f + 4*h + 422, 2*f - 2*h + 2110 = 7*f. Is f a prime number?
False
Suppose -69*u + 75*u = 4614. Is u a composite number?
False
Suppose 0 = -i + 5*i + 84. Let f = -9 - i. Let r = f + 3. Is r a composite number?
True
Let c be 1050/7*(-6)/2. Is (2 - c) + (-2 - 1) a composite number?
False
Let x be (50 + 2)/((-12)/(-270)). Suppose 0 = -3*i + 5*m + x, i - m - 270 - 122 = 0. Is i a prime number?
False
Let g(x) = -34*x - 3. Suppose -5*f + 3 = -3*y + 2*y, 3*f + 12 = -4*y. Suppose f = -u - 4. Is g(u) composite?
True
Suppose -34*h = -35*h + 863. Is h a composite number?
False
Let l(m) = -m + 11. Let q be l(8). Suppose -2*k = -2*z + 988, -q*z + 2*z + 2*k + 489 = 0. Is z a composite number?
False
Suppose 3*v + 3*z - 3 = 0, -3*v + 2*v = -4*z - 16. Let k(u) = 2*u**3 - 4*u + 2. Let p be k(v). Suppose f + 2*f - p = 0. Is f a prime number?
False
Let b = -4135 - -7520. Is b prime?
False
Let k(b) = -663*b - 7. Let w be k(-3). Suppose i = w - 325. Is i a composite number?
False
Let u = 246 - 172. Is u prime?
False
Let m = 574 + -267. Is m composite?
False
Suppose g + 3636 = 3*q, g - 3630 = -3*q + 4*g. Is q a prime number?
True
Suppose 2*n = 2*m + 222, -432 = 3*n - 7*n - 2*m. Suppose 0 = 3*d, 3*p - n + 10 = -3*d. Is p prime?
False
Let d(s) = -s + 7. Let w be (-2)/8 - (-145)/20. Let k be d(w). Is 2 - k - (-140)/4 a composite number?
False
Let n = -32 - -52. Let s = n + 33. Is s prime?
True
Is 159*(-95)/(-75) - (-4)/(-10) a composite number?
True
Let z be 13 + 1/(-1) + 2. Suppose 16 = -2*i - z. Let b = 24 - i. Is b prime?
False
Suppose -3*m + 164 + 235 = 0. Is m a prime number?
False
Let y(p) = -6*p**3 + p**2 - 1. Let f be y(1). Let a be (38 - 1)*(-1 + 3)/2. Let c = a + f. Is c a prime number?
True
Let b(m) be the first derivative of -11*m**2 + 13*m + 8. Is b(-10) prime?
True
Suppose 5*r - 576 - 59 = 0. Is r a prime number?
True
Let v = -1669 + 2622. Is v a composite number?
False
Suppose 9*b - 1461 = -z + 5*b, 5*z - 7390 = -3*b. Is z a prime number?
True
Suppose -4*u + 20 = 0, 5*u - 37 + 12 = 5*w. Suppose 0 = f - w*f - 14. Is f prime?
False
Suppose -13 = -2*s + x, 0*x - 25 = 5*x. Suppose 0 = -2*y - s - 4. Is (0 + -74)*2/y composite?
False
Suppose 98 = 3*q - q. Is q composite?
True
Let k = 13 + 2. Is k prime?
False
Let f(l) = l**3 + 11*l**2 + l - 11. Let z = 1 + -10. Is f(z) a composite number?
True
Let v(g) = 32*g**2 + 5*g + 21. Is v(10) composite?
False
Let x be -1 + (-1 - 0 - -519). Is 1/(2/(x - -1)) composite?
True
Suppose -7*v + 1335 = -8192. Is v composite?
False
Let q = -13 + 14. Let s = -68 - -96. Is (10/8)/(q/s) prime?
False
Suppose 3*f + 0*f = 243. Is f/2 + (-27)/18 composite?
True
Let i(a) = a**3 + a + 12. Suppose 0 = c - 0*c. Let t be i(c). Suppose t = v - 2. Is v a composite number?
True
Let p(n) = 14*n**2 + 5*n + 4. Let r(a) = 5*a**3 + a**2 - a. Let f be r(1). Suppose -4 - 2 = 2*k + f*v, -15 = 5*k + v. Is p(k) prime?
False
Let z(d) = 7*d**2 + d - 7. Let c be ((-10)/2)/((-1)/(-1)). Is z(c) a prime number?
True
Let x be (-23)/(-7) - 16/56. Suppose -k - x*k = -12. Is k prime?
True
Is 2/(-5) + 1 - (-65352)/30 prime?
True
Let q(s) = s**2 - s + 1. Is q(4) prime?
True
Let w = 128 + -59. Let r = w + -14. Is r composite?
True
Suppose j - 32 = 221. Is j prime?
False
Let g(r) = -20*r - 8. Let y be g(13). Let z = 377 + y. Is z prime?
True
Is 1*191 + 5 + -9 prime?
False
Let l(j) = -j**3 + 9*j**2 + 12*j - 17. Is l(8) a prime number?
False
Let z(u) = u**3 + 15*u**2 + u + 22. Is z(-9) composite?
False
Let g = -5 - -13. Suppose 3*a + g*v + 152 = 4*v, -v = 5*a + 276. Let c = 90 + a. Is c a composite number?
True
Let c(s) = 2*s - 14. Let l = 32 + -22. Is c(l) composite?
True
Let k(r) be the third derivative of -r**4/12 - r**3/6 - r**2. Let c be k(-2). Suppose 0*t + c*t - 33 = 0. Is t a prime number?
True
Let j = -215 - -524. Suppose -2*m - 144 = -0*m + 2*i, -3*i = -4*m - j. Let x = m + 112. Is x a prime number?
True
Let m(r) = 142*r**3 - 5*r + 6. Is m(1) a prime number?
False
Let l = -169 + 372. Is l a prime number?
False
Let v be 6/8 + 9/(-12). Suppose v = -t + 3*t - 8. Let i(q) = q**3 - q**2 + 2*q - 1. Is i(t) prime?
False
Suppose -5*d + 16 = 1. Is d/(-30)*-62*5 a prime number?
True
Is 4809/6 + ((-6)/4)/(-3) a prime number?
False
Suppose 5*h = -2*q - 153, q + 2*q = 4*h + 127. Let m = 34 - h. Is m prime?
False
Let k(p) be the third derivative of p**6/120 + 11*p**5/60 - 5*p**4/12 + 5*p**3/6 + 5*p**2. Is k(-9) a composite number?
False
Let c be (-2)/((-6)/9) - -1. Suppose -36 = c*u - 192. Is u a composite number?
True